9
What are the prime factors of 241375?
5, 1931
What are the prime factors of 528545?
5, 37, 2857
List the prime factors of 2263490.
2, 5, 151, 1499
What are the prime factors of 175657?
269, 653
What are the prime factors of 7822126?
2, 13, 300851
List the prime factors of 18696234.
2, 3, 3116039
List the prime factors of 11135073.
3, 3711691
List the prime factors of 936690.
2, 3, 5, 31223
List the prime factors of 38333.
38333
What are the prime factors of 5366222?
2, 23, 116657
List the prime factors of 14047228.
2, 13, 151, 1789
List the prime factors of 4145603.
7, 11, 17, 3167
What are the prime factors of 2274102?
2, 3, 23, 1831
List the prime factors of 17055155.
5, 13, 262387
What are the prime factors of 243119?
243119
What are the prime factors of 286496?
2, 7, 1279
What are the prime factors of 17291368?
2, 19, 113759
List the prime factors of 43036877.
13, 17, 193, 1009
What are the prime factors of 11510666?
2, 17, 233, 1453
What are the prime factors of 5176693?
5176693
List the prime factors of 5064461.
5064461
What are the prime factors of 84985?
5, 23, 739
List the prime factors of 124813.
13, 9601
What are the prime factors of 6056610?
2, 3, 5, 7, 151, 191
List the prime factors of 4183040.
2, 5, 19, 43
What are the prime factors of 765802?
2, 463, 827
List the prime factors of 14559366.
2, 3, 331, 7331
List the prime factors of 153692.
2, 7, 11, 499
List the prime factors of 674717.
674717
What are the prime factors of 22123002?
2, 3, 11, 79, 4243
What are the prime factors of 3333582?
2, 3, 7, 8819
What are the prime factors of 2699982?
2, 3, 61, 2459
What are the prime factors of 472416?
2, 3, 7, 19, 37
List the prime factors of 2613623.
47, 55609
List the prime factors of 548338.
2, 7, 53, 739
List the prime factors of 1134804.
2, 3, 11, 8597
List the prime factors of 131107.
43, 3049
What are the prime factors of 224488?
2, 11, 2551
What are the prime factors of 535227?
3, 7, 11, 331
What are the prime factors of 2450993?
29, 223, 379
What are the prime factors of 24975979?
7, 1871, 1907
List the prime factors of 2866002.
2, 3, 631, 757
What are the prime factors of 220540?
2, 5, 11027
List the prime factors of 82833.
3, 27611
List the prime factors of 215853.
3, 11, 31, 211
List the prime factors of 770111.
770111
List the prime factors of 32096398.
2, 167, 96097
What are the prime factors of 12819457?
7, 73, 25087
What are the prime factors of 16173595?
5, 3234719
List the prime factors of 337218.
2, 3, 7, 31, 37
List the prime factors of 20307920.
2, 5, 97, 2617
List the prime factors of 342641.
13, 26357
What are the prime factors of 812872?
2, 17, 43, 139
What are the prime factors of 6681132?
2, 3, 23, 8069
List the prime factors of 4759817.
4759817
What are the prime factors of 202929?
3, 17, 23, 173
What are the prime factors of 6431602?
2, 137, 23473
List the prime factors of 27424360.
2, 5, 685609
What are the prime factors of 11094464?
2, 23, 7537
List the prime factors of 3291799.
7, 421, 1117
What are the prime factors of 1541913?
3, 433, 1187
List the prime factors of 865285.
5, 61, 2837
List the prime factors of 63064.
2, 7883
What are the prime factors of 754702?
2, 13, 29027
List the prime factors of 5969309.
5969309
What are the prime factors of 13008436?
2, 7, 464587
What are the prime factors of 24003456?
2, 3, 17, 3677
List the prime factors of 11337606.
2, 3, 7, 17, 67, 79
List the prime factors of 32631274.
2, 13, 1255049
List the prime factors of 19105417.
211, 90547
List the prime factors of 315089.
487, 647
What are the prime factors of 38111?
23, 1657
List the prime factors of 1752273.
3, 7211
What are the prime factors of 6827491?
11, 199, 3119
List the prime factors of 2292474.
2, 3, 41, 9319
What are the prime factors of 3094037?
3094037
What are the prime factors of 198480?
2, 3, 5, 827
What are the prime factors of 8321050?
2, 5, 19, 461
List the prime factors of 333021.
3, 13, 8539
List the prime factors of 1840829.
1840829
What are the prime factors of 294764?
2, 59, 1249
List the prime factors of 1564781.
1564781
List the prime factors of 4491365.
5, 191, 4703
What are the prime factors of 2919792?
2, 3, 59, 1031
List the prime factors of 367913.
7, 13, 311
What are the prime factors of 550554?
2, 3, 89, 1031
List the prime factors of 9176283.
3, 773, 1319
List the prime factors of 243211.
107, 2273
List the prime factors of 194544.
2, 3, 7, 193
What are the prime factors of 1153970?
2, 5, 167, 691
What are the prime factors of 83435?
5, 11, 37, 41
List the prime factors of 3109022.
2, 7, 222073
List the prime factors of 4759473.
3, 17, 93323
List the prime factors of 508764.
2, 3, 42397
What are the prime factors of 18059258?
2, 7, 479, 2693
What are the prime factors of 1486637?
1486637
What are the prime factors of 20680906?
2, 31, 333563
What are the prime factors of 27373901?
317, 86353
List the prime factors of 252100.
2, 5, 2521
List the prime factors of 1429620.
2, 3, 5, 23827
What are the prime factors of 200930?
2, 5, 71, 283
List the prime factors of 16583616.
2, 3, 7, 457
List the prime factors of 1052753.
13, 47, 1723
What are the prime factors of 12919114?
2, 13, 496889
What are the prime factors of 13967878?
2, 241, 28979
What are the prime factors of 52730?
2, 5, 5273
What are the prime factors of 608717?
191, 3187
What are the prime factors of 2057093?
41, 131, 383
List the prime factors of 19963785.
3, 5, 401, 3319
What are the prime factors of 367226?
2, 31, 5923
What are the prime factors of 5434012?
2, 467, 2909
List the prime factors of 417374.
2, 208687
What are the prime factors of 26602851?
3, 11, 239, 3373
What are the prime factors of 210521?
31, 6791
List the prime factors of 3321881.
53, 233, 269
What are the prime factors of 11739776?
2, 41, 2237
What are the prime factors of 3074544?
2, 3, 11, 647
What are the prime factors of 1056879?
3, 117431
What are the prime factors of 2731851?
3, 303539
What are the prime factors of 142854?
2, 3, 29, 821
List the prime factors of 281288.
2, 7, 5023
List the prime factors of 205679.
89, 2311
What are the prime factors of 797651?
521, 1531
What are the prime factors of 43630?
2, 5, 4363
What are the prime factors of 203810?
2, 5, 89, 229
What are the prime factors of 11044089?
3, 7, 175303
List the prime factors of 257856.
2, 3, 17, 79
List the prime factors of 3043588.
2, 760897
What are the prime factors of 486943?
486943
What are the prime factors of 802726?
2, 71, 5653
List the prime factors of 8397513.
3, 43, 2411
List the prime factors of 318346.
2, 7, 22739
What are the prime factors of 11881640?
2, 5, 17, 101, 173
What are the prime factors of 20149113?
3, 29, 231599
List the prime factors of 236767.
59, 4013
What are the prime factors of 169432?
2, 21179
List the prime factors of 31598130.
2, 3, 5, 1053271
List the prime factors of 1081240.
2, 5, 27031
List the prime factors of 70932.
2, 3, 23, 257
List the prime factors of 886597.
19, 46663
What are the prime factors of 652384?
2, 19, 29, 37
What are the prime factors of 227434?
2, 113717
What are the prime factors of 1174456?
2, 146807
What are the prime factors of 711671?
17, 41863
List the prime factors of 8838183.
3, 73, 40357
What are the prime factors of 691426?
2, 23, 15031
List the prime factors of 370731.
3, 191, 647
What are the prime factors of 2151536?
2, 134471
What are the prime factors of 284615?
5, 56923
What are the prime factors of 4205159?
7, 23, 26119
What are the prime factors of 2283912?
2, 3, 31721
What are the prime factors of 2236571?
17, 71, 109
List the prime factors of 8409780.
2, 3, 5, 19, 2459
List the prime factors of 2792296.
2, 13, 26849
What are the prime factors of 451210?
2, 5, 45121
What are the prime factors of 470046?
2, 3, 78341
List the prime factors of 37082.
2, 18541
List the prime factors of 111975.
3, 5, 1493
List the prime factors of 12310214.
2, 7, 19, 46279
What are the prime factors of 1841830?
2, 5, 67, 2749
What are the prime factors of 483936?
2, 3, 71
List the prime factors of 16652.
2, 23, 181
What are the prime factors of 90197?
90197
List the prime factors of 423424.
2, 827
List the prime factors of 2205301.
7, 311, 1013
What are the prime factors of 328258?
2, 7, 23447
List the prime factors of 